 = 87 - 82. Is p(q) prime?
False
Suppose 3*t + 3*w - 32052 = 0, -t - 2*w + 5*w + 10688 = 0. Is t composite?
True
Suppose -2*x = 5*j - 36, 2*x - 2 - 6 = 2*j. Is 8442/x + (-6)/24 a prime number?
False
Let s = -66 + 367. Suppose -2*k = 2*d + 15 - s, -4*k = 8. Is d a composite number?
True
Let f be 6/10 - 22242/(-30). Let n = f - 297. Suppose 3*a - 2*l - n = 0, 597 = 4*a - 4*l + 5*l. Is a a composite number?
False
Suppose -t - 2 = -5. Is (8 - t)/((-2)/(-46)) a composite number?
True
Suppose -2*b = 2*b - 5*x - 208657, -2*x + 156487 = 3*b. Is b a composite number?
False
Let r(b) = 300*b + 14. Let t be r(9). Is (t/(-3))/(4 + 28/(-6)) composite?
True
Let d = -684 + 977. Is d a composite number?
False
Let x(m) be the third derivative of 7*m**5/60 - m**4/3 + 2*m**3/3 + 8*m**2. Let k = -12 - -21. Is x(k) composite?
False
Let a(x) = 2*x**2 - 7*x + 6. Suppose 5*h = 4*k - 72, -2*k = 2*h - 14 - 4. Is a(k) a composite number?
True
Let r(f) be the first derivative of f**3/3 + 9*f**2/2 + 3*f + 32. Is r(11) composite?
False
Let s(a) = 27*a**3 - 7*a**2 + 6*a - 4. Let b be s(5). Let j = 4569 - b. Is j a composite number?
True
Let v = 5547 - 1680. Is v prime?
False
Let z be 21/(-6)*(-12)/7. Suppose -3*g - z = -15. Suppose -4*d - 285 = -5*m, 0 = -2*m + g*m - 2*d - 63. Is m prime?
True
Let i be ((-6)/(-12))/((-2)/76). Is i/19*1*-419 composite?
False
Is 166*(-436)/8*-1 a prime number?
False
Let j be (1 - 1)*(-5)/(-20) + 5310. Is 2/(-7) + j/14 a composite number?
False
Let f = 51 + -87. Let y be (-24)/f - 1957/(-3). Suppose -i = -y - 92. Is i prime?
False
Let c(d) = -d**3 - 2*d**2 - 3*d - 3. Let v be c(-2). Suppose 0 = 2*l + 5*y - 996, -2*l - 3*y = v*l - 2471. Is l composite?
True
Let w(r) = -r**3 + 4*r**2 + r - 2. Let s(m) = m - 6. Let g be s(10). Let b be w(g). Is (-2)/(b - 720/359) a composite number?
False
Suppose 58331 = 5*i + 2*i. Is i prime?
False
Let a be (-1)/(1/(6/(-2))). Is a - ((-4)/(-6))/(5/(-1605)) prime?
False
Is (-50)/(-100)*(1812 + -1)*2 prime?
True
Suppose 0 = -370*a + 389*a - 2055401. Is a prime?
True
Let b be 8/4*-8404 + 2. Let z be b/(-15) - 8/20. Let q = z - 323. Is q a composite number?
False
Suppose -2*l + 5*z = -1367, -z = 3*z - 12. Is l a prime number?
True
Suppose -3*l = -5*w - 7 + 87, -2*l - 80 = 2*w. Let x = -11 - l. Let y = x + -9. Is y prime?
False
Let i = 12294 - 60984. Is -5 - 53/(-11) - i/22 composite?
False
Suppose -4*t = -642 - 8526. Suppose 5*o - 1643 = t. Is o a composite number?
False
Let i(x) = 503*x + 55. Is i(6) composite?
True
Let q = -1838 + 5137. Is q a prime number?
True
Suppose -s + 25105 = 3*u, -41865 = -5*u - 0*s + 3*s. Suppose -5*v - u = -23955. Is v composite?
True
Let i(l) = l**2 + 5*l + 13. Let t be i(-5). Let b(k) = 16*k - 23. Is b(t) composite?
True
Suppose g + 5*g - 6 = 0. Suppose 4*t = -4*m + 2680, 1344 = 2*t + 3*m + g. Is t composite?
True
Is 4/(-10) - (-2 + 32667/(-5)) a prime number?
False
Let l = -14 + 146. Let m = 383 - l. Is m a prime number?
True
Suppose 0 = -219*u + 236*u - 73559. Is u composite?
False
Let m = -5 - -7. Suppose 0 = 2*i - i, 3168 = 4*r + m*i. Let v = -239 + r. Is v composite?
True
Suppose -447 = -6*t + 3327. Is t a prime number?
False
Is -3*(-3)/9*2579 composite?
False
Let y(s) = -s**3 - 6*s**2 + 7*s - 5. Let l be y(-7). Let b = -5 - l. Suppose -4*k + 439 = -3*o, 3*k - o = -b*o + 323. Is k prime?
False
Let f = -63934 - -147803. Is f a composite number?
False
Suppose 0 = 2*v - 8*v + 72. Let d = 9 - v. Is 988 - (-3 + (-18)/d) a prime number?
False
Let j = -15 - -11. Let w be 3/(j/(-4*1)). Suppose 2*h + 0*z - 2*z = 116, 0 = 4*h + w*z - 239. Is h a prime number?
True
Suppose 8*b + 987 = 17203. Suppose 0 = -6*l + b - 269. Is l prime?
True
Suppose 0 = -57*i + 1896433 + 764954. Is i composite?
False
Suppose -4*s - 303 = -5*m - 29631, m = -s + 7323. Is s a composite number?
True
Suppose -4*z = -5*g - 4869, -2*z - g = 3*g - 2402. Is z prime?
False
Let z(g) = 4*g**2 + 0*g - 3*g + 3*g - g**3 - 3*g. Let j be z(2). Is j/11 + (-3380)/(-44) composite?
True
Let o(p) be the second derivative of -22*p**3/3 - p**2/2 - 3*p. Let h(x) = -132*x - 3. Let w(a) = 3*h(a) - 8*o(a). Is w(-3) prime?
True
Let i be (20/6)/(3/(-9)). Let j(u) = u - 20. Let l be j(15). Is (-4)/i + (-1983)/l a composite number?
False
Let r = -5330 + 8251. Is r prime?
False
Let p be (6/9)/((-3)/9). Let m = -6 - p. Is (-2)/((-6)/m + -2) composite?
True
Is (2 - -1)/((-30)/(-602170)) a composite number?
False
Let n(s) = -6*s**3 - 3*s**2 + 4. Suppose t - 3*t = -5*z + 30, -40 = 4*t - 5*z. Is n(t) a prime number?
False
Let v be 6*((-6)/9 - -1). Suppose 10 - 102 = -v*h. Suppose -2*y = -h - 0. Is y prime?
True
Let a = 5403 + -3372. Is a a composite number?
True
Let b be 19047/7 - (-8)/(-2). Suppose -8*r + b = 5*r. Is r a prime number?
False
Let t = -541 - -116. Let q = t + 1942. Is q a composite number?
True
Let k(r) = -226*r - 205. Is k(-24) prime?
False
Let l = 28 + -24. Suppose -l*y + 4*g = -y - 3247, -5*y + 5369 = 4*g. Is y composite?
True
Suppose -66*m + 71*m - 20 = 0, -m = 5*n - 34019. Is n prime?
True
Suppose 3*t + t = 1524. Is t prime?
False
Let x(a) = 20*a + 11519. Is x(0) a composite number?
False
Suppose 5*x - 138897 = -2*b, 22229 + 5555 = x + 5*b. Is x prime?
True
Suppose -4*i = -6*i + 2074. Is i composite?
True
Let z be (-22)/55 + (-76)/10. Let r(g) = -8*g + 5. Is r(z) a composite number?
True
Let b(n) = -n**3 + 28*n**2 + 124*n - 29. Is b(26) composite?
False
Let k = -36 - -37. Is (k - -248)*5/15 a composite number?
False
Let u(z) = 28*z**2 - 107*z + 26. Is u(15) prime?
True
Suppose 0*i - 3*i = -15. Let h(w) = -w**3 + 4*w**2 + 6*w - 1. Let y be h(i). Suppose y*k + 41 = 129. Is k a composite number?
True
Let g(l) = -6*l**3 - 9*l**2 - 4. Is g(-9) a composite number?
True
Let g be (-12)/3*3/(-6). Suppose g*m + 5*h = 23 + 25, -4*m - 5*h = -76. Is m a composite number?
True
Suppose -k + 10 = -4. Let u be -2 + 7/(k/412). Suppose 0 = v - u - 19. Is v composite?
False
Suppose -27 = -4*z - 7. Let w(y) be the first derivative of 5*y**3/3 - 7*y**2/2 + y - 1. Is w(z) composite?
True
Is (46/6 - 7)/(4/406806) a prime number?
True
Let v = 3 - -2. Let i(n) be the third derivative of n**6/60 - n**5/15 - n**4/8 - n**3/3 - 29*n**2. Is i(v) composite?
True
Let g(i) = -33*i**2 - 3*i + 1. Let w be g(5). Let l = 1288 + w. Is l prime?
True
Let h be ((-15)/(-5) + -3)/1. Is (-1 - (-510 + h)) + 2 prime?
False
Let j(q) = 2*q**2 + 2*q. Let w be j(-3). Suppose 0 = 4*m + 2*r - 8, 2*m + 0*r - w = 3*r. Suppose m*k - 8*k + 1015 = 0. Is k prime?
False
Let d(z) = -2*z**3 - 23*z**2 - 9. Let o(n) = n**3 + 8*n**2 + 3. Let c(t) = -3*d(t) - 8*o(t). Is c(-4) a composite number?
False
Let d(u) = -u**3 - 34*u**2 - 38*u - 200. Is d(-39) a prime number?
True
Suppose -189 + 4661 = y. Let r = -2433 + y. Is r prime?
True
Let x = 76 - 76. Is (-2 + -755)*(-3 - (x - 2)) a prime number?
True
Let k = 4853 + -1592. Is k prime?
False
Let i(y) = 143*y**2 + y - 1. Suppose -5*o = -4 - 1. Let g be -1 + 1/(o/2). Is i(g) a composite number?
True
Let i be 26013/(-26)*6/(-9). Let c = 64 + i. Is c a composite number?
True
Let k = -4 + 2. Let b(p) = 10*p**2 + 474 - 5*p + 8*p**2 - 479. Is b(k) prime?
False
Let f(u) = u**3 + u**2 + u - 2. Let y be f(1). Is (2/4*y)/(51/326298) prime?
False
Let a be (4465/(-20))/((-2)/8). Is 5/(-20) - a/(-4) a prime number?
True
Let q = -18 + 21. Suppose 5*t - 1225 = q*m - 355, 4*t = -m + 679. Suppose -3*p + t = -66. Is p composite?
False
Suppose -27 = -3*j - 21. Is ((-5739)/j)/((-30)/20) a prime number?
True
Suppose 3*f - 4*a = -9*a + 35, 0 = 4*f + 3*a - 65. Suppose -z = -f - 27. Is z a composite number?
False
Is (-110545)/(-10)*(25 + -15) prime?
False
Suppose -52637 = -f - 3*p + 4*p, -6*p = 3*f - 157911. Is f a prime number?
False
Suppose -5*m - 7 = 4*g, 0 = g + 7*m - 3*m + 10. Let y(t) = 205*t - 9. Is y(g) prime?
True
Suppose 0 = -3*k + 4*a - 20, -4*a - 9 = -k - 29. Suppose m - 3*m + 74 = k. Is m composite?
False
Let l = 4 + 21. Let t = -23 + l. Is -12 + 202 - t/(-2) a prime number?
True
Suppose -13 = -6*m + 5. Suppose 5*s - 883 = -2*v, v - 2 + m = 0. Is s a prime number?
False
Let o(k) = -313*k + 162. Is o(-7) composite?
True
Let c be (1 - -3)/(2/3). Suppose u + 15 = c*u. Suppose u*m = 3*y + 2*m - 946, 20 = 4*m. Is y composite?
False
Let a(o) = -2 - 2 + 2*o**2 + 0*